 = -k - 1. Suppose -2*a - 3*i = 4, 0 = 3*i + 6 - 0. Suppose 0 = -3*d - a + 7. Give s(d).
-3
Let f(w) = -1004*w + 333*w + 334*w + 338*w + 4. Let k(d) = -d - 3. Let o be k(-5). Let x be f(o). Let n(q) = q**2 - 8*q + 6. Give n(x).
-6
Suppose 9 - 19 = -5*k. Let a(p) = -p**3 - 3*p**2 + k*p + p + 7*p**2 - 4*p. Let x = 6 + -2. Determine a(x).
-4
Let a(w) be the third derivative of -14*w**2 + 0*w + 4/3*w**3 + 0 - 1/24*w**4. What is a(8)?
0
Suppose -1 = -3*y - 5*z - 32, -3*y + 5*z + 19 = 0. Suppose -2*r = 3*r - 15. Let m(a) = -a - a**r - 14 + 4*a + 16. Determine m(y).
4
Let i(s) = 22*s**3 + 3*s - 1. Let f(c) = 108*c**3 + 16*c - 6. Let r(p) = -2*f(p) + 11*i(p). Give r(-1).
-26
Let g(i) = -i + 1. Let u be g(-16). Let c(v) = -6 + v**2 + u - 13 + 5*v. Give c(-5).
-2
Let d(a) be the second derivative of -a**6/120 + a**5/60 - a**4/24 - a**3/6 - a**2/2 + 12*a. Let m(o) be the first derivative of d(o). Calculate m(0).
-1
Let g(n) = 2*n**2 - 8. Let f be g(0). Let r(i) = -i - 10. What is r(f)?
-2
Let a(o) = -5*o**2 - 21*o + 12. Let y(r) = -2*r**2 - 10*r + 5. Let g(h) = -3*a(h) + 7*y(h). What is g(5)?
-11
Let k(i) = 68 + 21*i - 10*i + i**3 - 71 + 8*i**2. Calculate k(-6).
3
Let c(p) = -p**2 + p + 3. Let n(d) be the third derivative of 0*d + 0 - 1/60*d**5 - d**2 - 1/3*d**3 - 1/4*d**4. Let h be n(-5). Calculate c(h).
-3
Let h(d) be the third derivative of 0*d**3 - 1/60*d**5 + 0 + 1/24*d**4 + 0*d + d**2. Suppose 0 = -f + 2*f - 5*i + 9, -2*f = -i. Calculate h(f).
0
Let i be (-13 - -9) + 12 + -9. Let v(q) = -15*q**2 - 4*q - 4. Give v(i).
-15
Let c be 3*(3 - 4)*-31. Suppose 5*a + 28 = c. Let d(o) = -1 + 12*o**2 + 3*o - a*o**2 - 9*o. What is d(-5)?
4
Let h(d) = d**3 - 8*d**2 + 7*d + 9. Suppose 0 = -3*p + 59 - 38. What is h(p)?
9
Let v be 3*(24/27 + (-4)/18). Let q(m) = 2*m**2 - 1 + m**3 - 3*m + v*m - 2*m + m**2. Let j = -1 + -1. Calculate q(j).
9
Let f(k) = k**2 + 6*k + 5. Let p be (-2 - -3)/(2*4/(-232)). Let t = 25 + p. Calculate f(t).
-3
Let d(t) = 4*t**3 + 25*t**2 + 11*t - 22. Let l(q) = 11*q**3 + 75*q**2 + 29*q - 67. Let s(k) = -8*d(k) + 3*l(k). Determine s(-25).
0
Let n(z) be the second derivative of z**7/2520 + z**6/720 - 19*z**4/12 + 6*z. Let y(b) be the third derivative of n(b). What is y(1)?
2
Let c(w) be the second derivative of 5*w**3/6 + 2*w. Let r(y) = -67*y - 672. Let f be r(-10). What is c(f)?
-10
Suppose 2*x = -d + 6, -10*x + 12*x = -2*d + 6. Let b(w) = -w**3 + 4*w - 4. Give b(x).
-19
Let x(q) = -2*q**2 - 4*q - 2. Let l(g) = -3*g + 12. Let u be -2*1 - 2*49/(-14). Let t be l(u). What is x(t)?
-8
Let w(j) = -94 + 57 + 4*j - 3*j + 46. Determine w(-6).
3
Let x(j) be the first derivative of -1/3*j**3 + j - 1/2*j**2 - 15. Let c be (1 - 0)/(1/(-2)). Determine x(c).
-1
Let k(t) = 2*t + 2. Let y be k(-3). Let f be 6/y - (-14)/4. Let m(w) = -f*w + w - 2*w + 2*w. Give m(3).
-3
Let p = 19 + -5. Let t = p - 12. Let i(l) = 4 - 1 - l**t - 3 + l. Determine i(3).
-6
Let y = -102 - -104. Let j(u) = 29*u - 9*u - y - 13*u - u**2. Determine j(5).
8
Let i(n) be the first derivative of -n**4/4 - 5*n**3/3 - n**2/2 - 2*n + 84. What is i(-4)?
-14
Suppose 3*c + c = -4*c. Let b(y) = -y - 39. Determine b(c).
-39
Suppose -6 = 4*x - 7*x. Let k(l) = 2 - 14 + 2*l + 10 + 4*l. Give k(x).
10
Let d(q) be the second derivative of -q**4/12 - q**3/3 - q**2 - 2*q + 175. Suppose a + 3 = -1. Determine d(a).
-10
Suppose -12 = -s - 3*h, -2*h = -0*s + 2*s - 12. Suppose -y = s*y - 8. Let i(t) = t + 0*t**2 - t**2 + 2 - 5*t**y + 7*t**2. What is i(-4)?
14
Let d(j) = 7*j**3 - 24*j**2 + 17*j + 8. Let p(b) = 2*b**3 - 2*b**2 + 2. Let m(g) = -d(g) + 3*p(g). Determine m(17).
-2
Let o be (-18 + 19)*((-12)/8)/((-1)/(-2)). Let a(x) be the second derivative of x**4/4 + 2*x**3/3 - x**2/2 - x. Give a(o).
14
Suppose 0 = -4*a - 10*a + 98. Let w(c) = c**3 - 6*c**2 - 4*c - 9. Let d(h) = h**3 - 6*h**2 - 5*h - 8. Let s(g) = 3*d(g) - 2*w(g). Calculate s(a).
-6
Let g(a) = -3*a - 7. Let i be g(-3). Suppose -2 = -o + i. Let z(n) = 7*n - 68*n**2 - 3*n + o*n - 3 + 67*n**2. Calculate z(5).
12
Let x(c) = 3*c - 9. Let o be 6*1/(-2) + 7. What is x(o)?
3
Let i(x) be the third derivative of x**6/120 - 7*x**5/60 + x**4/4 - x**3 - 4*x**2. Suppose 0*u - 5*u = 1080. Let b be u/(-32) - 3/4. Give i(b).
-6
Let a(q) be the second derivative of 11*q**4/12 + 11*q**3/3 - 5*q**2 - 16*q. Let s(f) = 3*f**2 + 7*f - 3. Let i(n) = 2*a(n) - 7*s(n). Calculate i(7).
15
Let h(k) = -k. Suppose -2*s - 4*y - 165 + 493 = 0, -3*s + y + 485 = 0. Let q = s - 158. Give h(q).
-4
Let n(v) = 3529*v - 54*v**2 - 15*v**3 - 3528*v + 55*v**2. What is n(1)?
-13
Let t be (-111)/(-12) + (-3)/12. Let n(m) = m + 7. Let f be n(t). Suppose -4*v + 0*z + 28 = 5*z, 5*z = 2*v + f. Let d(i) = i**2 + 2*i + 1. What is d(v)?
9
Let r(p) = -1 + 9 + 1 - p + 2 - 8. Give r(10).
-7
Suppose -5 + 20 = 5*w. Let s(x) = 4*x - 8*x**2 + 4*x - 5 - x + x**w. Give s(7).
-5
Let c(a) be the third derivative of -a**5/20 - a**4/8 + 3*a**3 + 19*a**2. Let n(k) be the first derivative of c(k). Calculate n(3).
-21
Let d(h) = -2*h + 0*h - h**3 - 3 - h**2 + 0*h**2. Let m(p) = -p**3 - 6*p**2 - 2*p - 2. Let z be m(-6). Suppose -12*v - 4 = -z*v. Calculate d(v).
5
Let k(t) = t**2 - 4*t - 3. Let g(o) = o**2 - 4*o - 2. Let p(v) = 5*g(v) - 4*k(v). Let q be (-42)/(-8) - (-4)/(-16). Calculate p(q).
7
Let l(h) be the second derivative of -h**6/360 + h**5/20 - h**4/12 + 25*h**3/6 + 38*h. Let d(u) be the third derivative of l(u). What is d(-7)?
20
Let g(l) be the first derivative of -1/6*l**3 - 3 - 5*l - 5/2*l**2. Let a(x) be the first derivative of g(x). What is a(-5)?
0
Let l(f) = -3*f + 8. Suppose 0 = -2*w - 7*w + 45. Determine l(w).
-7
Let r(z) = -5*z + 151*z**2 - 8 + 5 - 150*z**2. Calculate r(7).
11
Let z(d) = -d**2 - 2 - 2*d + 4*d - d. Let p(s) be the first derivative of -s**2/2 + 3*s + 1. Let f be p(3). What is z(f)?
-2
Let n(h) = -h**3 - 4*h**2 + 4*h - 11. Let a(m) = 2*m**2 + m. Let b(z) = -a(z) + n(z). Determine b(-7).
17
Suppose -6 = -51*x + 49*x. Let g(t) = 7*t - 1. What is g(x)?
20
Let a(r) be the third derivative of -2/15*r**5 + 11/6*r**3 + 5/12*r**4 + 3*r**2 + 0 + 0*r - 1/120*r**6. Calculate a(-9).
2
Let w(n) = 2*n**2 + 5*n - 1. Let x be (3 - 1) + 0 + -7. Calculate w(x).
24
Let z be 1 - ((-1)/(-1) - -1). Let x(g) = 12*g**3 + 5*g**2 + 10*g - 6. Let f(t) = -11*t**3 - 4*t**2 - 8*t + 5. Let u(a) = 5*f(a) + 4*x(a). What is u(z)?
8
Let u = 9 + -1. Suppose 0 = 4*g - i - 31, g + 5*i = -0*g - u. Let q(o) = o**2 - 8*o. Let d be q(g). Let b(x) = -x**3 - 8*x**2 - 6*x + 7. What is b(d)?
0
Let k be 13/(-3) - (-3)/9. Let a be 1/(-2) - 10/k. Let w(d) = -3*d - a + 4*d + 2*d - 2. What is w(4)?
8
Let h(l) = l**3 - 4*l**2 + 9. Suppose 28*t = 184 - 72. Determine h(t).
9
Suppose -11*d + 21 = 153. Suppose 0 = 5*s - 2*s - 36. Let y = d + s. Let q(u) = -u - 5. Calculate q(y).
-5
Let c(i) = 2*i - 6. Let j be 1*(0/(-5))/(-2). Suppose j = -2*z + 4*z - 8. Determine c(z).
2
Let k(v) be the first derivative of -v**2 - 3*v + 178. Determine k(0).
-3
Let s(c) = -c**2 + 8*c + 9. Let q(t) = t**2 - 7*t - 8. Let w(i) = -6*q(i) - 5*s(i). Calculate w(-4).
-21
Let q = 68 + -64. Let i(v) = -3*v + 10. Let a be i(q). Let p(g) = -3*g**2 - 2*g + 2. What is p(a)?
-6
Suppose -4*r = r - 5. Suppose 0 = -5*x - n + 4*n + 8, 0 = 4*x + 5*n + r. Let w(m) = -1 + 3*m**2 + 2*m + 3 - 1 - 4*m. Determine w(x).
2
Let f(j) = -5*j**2 + 12*j + 6. Let z(o) = 6*o**2 - 14*o - 7. Let m(i) = -5*f(i) - 4*z(i). Calculate m(4).
-2
Let k(z) = z**2 + 7*z - 2*z**2 - 6 + 3*z - 3*z. Let x(c) = 22*c + 4. Let b be x(0). What is k(b)?
6
Let y(h) = -h**2 - 3*h + 2. Let u(n) = 2*n**2 + 7*n - 3. Let m be u(-3). Give y(m).
-16
Suppose -4*q + 5*v = 4*v - 10, -5*v - 8 = q. Let a(c) = -15*c**q - 12 + 27*c**2 - 10*c - 13*c**2. Determine a(-8).
4
Let b(y) be the third derivative of -y**2 - 1/24*y**4 + 0*y + 0 - 2/3*y**3. Suppose 11*j - 10*j = -3. Give b(j).
-1
Let u(h) = h**2 + h - 1. Let a(r) = -2*r**2 - r + 2. Let o(m) = -2*a(m) - 3*u(m). Let i be o(-2). Let n(d) = 7*d - i*d - 4*d. Determine n(-2).
4
Let m(x) = -4*x**2 - 2*x + 1. Let z(t) = 6*t**2 + 2*t - 1. Let b(g) = -4*m(g) - 3*z(g). Calculate b(4).
-25
Let y(q) = 33*q**3 - 5*q + 3. Let l(k) = -50*k**3 + 8*k - 5. Let h(w) = 5*l(w) + 8*y(w). Suppose 0 = 2*u + 54 - 56. Calculate h(u).
13
Let f(p) = p + 1. Let i = 12 - 12. Suppose -68 = -3